e p(-1). Let r be 6/x + (-35)/15. Let w = r - -21. What is the highest common factor of w and 6?
6
Let a = -16 - -73. What is the highest common divisor of 152 and a?
19
Suppose 0 = a - 4*a + 21. Let q = a + -5. Suppose -q*d + 40 = 3*d. Calculate the greatest common divisor of 1 and d.
1
Let q(r) = r**2 + 3*r - 5. Let o be 2/11 - 984/88. Let n be q(o). Suppose v + 46 = 2*b, 3*b + 9 = -v + n. Calculate the greatest common divisor of 60 and b.
12
Suppose 4*u = f - 15, -4*u = -f + 5*f - 60. Let v be ((-1040)/f)/(-8) - (-2)/6. Calculate the greatest common divisor of 15 and v.
3
Suppose 3*x = -2*u + 58, -4*x - 5*u = x - 100. Suppose j - x = 52. Let p = -58 - -72. What is the greatest common factor of j and p?
14
Suppose 2*s - 71 - 163 = 0. Let j be 3/2*13/(78/20). Suppose 2*t = -2*i + 36 - 12, j*t = -2*i + 63. Calculate the highest common divisor of s and t.
13
Let m = 40 + -23. Let y be (-4)/4*(-2 - (-498)/(-6)). Calculate the greatest common factor of y and m.
17
Let m be (45/(-9))/((-3)/6). Suppose -y - 2 = 2*v - 2*y, -4*v = y - 2. Suppose v*l - 3*l + 75 = 0. Calculate the highest common divisor of m and l.
5
Suppose 2*o - 33 = 6*n - 3*n, -4*o + 106 = 2*n. Calculate the highest common factor of o and 14.
2
Suppose 5*h + 2920 = 5*m, 4*m - 1989 - 346 = 3*h. Let d be ((-4743)/(-90) - 3/(-10))/1. Calculate the greatest common factor of d and m.
53
Let y(s) = -s**2 - 15*s - 15. Let t be y(-6). Let q = -9 + t. Calculate the greatest common divisor of 6 and q.
6
Suppose 3*n + 5*d - 31 = -7, 2*d - 6 = 0. Suppose -c + 42 = c. Calculate the greatest common factor of c and n.
3
Let b be 4*((6 - 10) + 25). Calculate the greatest common factor of b and 532.
28
Suppose 3 = v - t - 1, 4*t = v - 4. Let d be 3 + (-4)/(v/(-5)). What is the highest common divisor of d and 3?
1
Let c = 74 - 75. Let m be (4 - 8)/c - -71. What is the highest common divisor of 30 and m?
15
Let b be (-1 + (-3 - -6))*9. Let x = 412 + -250. Calculate the greatest common factor of b and x.
18
Suppose 0 = -10*l + 29*l - 2375. Calculate the highest common factor of 100 and l.
25
Let x be (-10892)/(-12) + 1/3. Suppose 0 = -i + 2, 2*s = 6*s - 2*i + x. Let c be ((s - 2)/3)/(-1). Calculate the highest common divisor of 19 and c.
19
Suppose 0 = -j - 3*t - 10, 0 = 4*j - 3*t - 0*t - 20. Suppose 25 = -j*b + 35. Calculate the greatest common factor of 2 and b.
1
Let n(i) = -i + 9. Let x(f) = 1. Let w(a) = n(a) + 5*x(a). Let r be w(5). What is the highest common factor of 9 and r?
9
Suppose -2*s = 2*g + 32 + 62, -5*s - g - 255 = 0. Let u be ((-32)/6)/(1 + (-2)/3). Let j = u - s. Calculate the greatest common factor of j and 12.
12
Suppose 5*d - 4*o = -5*o + 90, -5*d + 105 = 4*o. Calculate the highest common factor of d and 391.
17
Let d(k) = -k + 6. Let t be d(-18). Suppose -2*r + t = 2*r. Suppose r*v = 8*v - 60. What is the greatest common factor of v and 6?
6
Let g = -8 + -314. Let c = -130 - g. What is the highest common factor of c and 12?
12
Let o be (2/2 - -1) + 66/33. Suppose o*u = 4 + 40. What is the greatest common factor of 11 and u?
11
Let p = 746 + -692. Calculate the highest common divisor of p and 135.
27
Suppose -5*f + 4*f = -8. Suppose 2*o + 72 = 3*o + 4*z, 4*o - 2*z = 324. What is the highest common factor of o and f?
8
Let l be (-42)/(-8)*32/(-2 + 4). Let y = -9 - -14. Suppose y*s - 115 = -5*f, 58 = 4*f - s - 24. What is the highest common factor of f and l?
21
Let m(i) = 2*i**2 + 66*i + 190. Let n be m(-3). Calculate the greatest common divisor of 710 and n.
10
Let t(w) = -2*w - 12. Let j be t(6). Let b be j/10 - (-8)/20. Let u be (-835)/(-55) + b/11. Calculate the highest common factor of u and 15.
15
Suppose 0 = 4*h - n - 99, -h - 5*n + 16 = -35. Suppose -2*y + 4*w = -h, 4*y + 0*w - 34 = -w. What is the highest common divisor of 117 and y?
9
Suppose 32*y = 2*y + 7290. What is the highest common factor of 3 and y?
3
Let f be (46/(-10))/(15 + 1748/(-115)). Suppose 207 = 3*d - 3*y, -5*y + 169 = 4*d - 107. Calculate the greatest common divisor of f and d.
23
Let d be (15 - -1)*(-10)/(-4). Let q = 796 + -786. Calculate the highest common factor of d and q.
10
Let r = -581 + 1031. Calculate the greatest common divisor of 50 and r.
50
Suppose -1613*s + 20 = -1609*s. Calculate the highest common divisor of 31 and s.
1
Suppose q - 368 = -4*q - 6*p, -236 = -3*q + 4*p. Calculate the highest common divisor of q and 418.
38
Suppose 0 = u + 5, -v + 3*u - 1 = -23. What is the greatest common factor of v and 63?
7
Let f be 1/(24/36*(-6)/(-4)). Let b(p) = 12*p**2 - 3*p + 2. Let q be b(f). Calculate the highest common divisor of 33 and q.
11
Let w = -162 + 210. Calculate the greatest common divisor of 24 and w.
24
Suppose 64 = -u + 78. Let z(x) = -6*x + 2. Let c be z(-2). Calculate the highest common divisor of u and c.
14
Let p = 90 + -52. Let u = 582 + 28. Suppose 17*f + u - 1579 = 0. What is the greatest common divisor of p and f?
19
Let g(b) be the second derivative of -7*b**3/6 - 19*b**2 + 10*b. Let x be g(-8). What is the greatest common factor of 27 and x?
9
Let q = -319 - -332. What is the greatest common factor of q and 104?
13
Let y = 84 + -54. Suppose 0 = -l - l - 42. Let n = l + 41. What is the highest common factor of y and n?
10
Let l = 287 - 279. Calculate the highest common divisor of l and 72.
8
Let a be 0*3/9 - -6. Suppose -15 = 3*g - 5*c, 0 - 6 = 5*g - 2*c. Suppose -j + 0*j + 48 = g. Calculate the greatest common factor of j and a.
6
Suppose 2*q - 6*q = -12, 2*q - 26 = -5*l. Calculate the greatest common divisor of l and 52.
4
Let q = -4 + 15. Let c = 11 - q. Suppose 3*s - 2*u + c*u - 130 = 0, -5*u - 65 = -s. Calculate the greatest common factor of 20 and s.
20
Let z be 11 + (-315)/(-25) - (-3)/(-5). Let x = 37 + -76. Let s = 108 + x. What is the highest common factor of s and z?
23
Suppose -132 = 6*v + 54. Let k = v - -87. Calculate the highest common divisor of k and 14.
14
Let g = -317 - -324. Calculate the greatest common factor of g and 161.
7
Suppose -c + 6*i + 32 = 10*i, -5*i - 160 = -5*c. What is the highest common divisor of 160 and c?
32
Let u be (-36)/(5 - (-27)/(-5)). Let p be 1362/u - 8/60. What is the greatest common divisor of 6 and p?
3
Let o = -249 + 281. Calculate the greatest common factor of o and 4.
4
Suppose 0*a = 5*a. Suppose 9 + a = d + 2*r, -4*d = 2*r - 36. Calculate the highest common divisor of 99 and d.
9
Let p be (36/10)/(8/20). Let k(r) = r + 1. Let y be k(p). Let d = -18 + 20. Calculate the highest common factor of d and y.
2
Suppose 52 = j - 3*h, -5*j - 8*h - 19 = -325. Calculate the highest common factor of j and 4234.
58
Suppose 0 = 5*h - 11 - 239. Let c be 30/7*-1*98/(-21). Calculate the highest common divisor of c and h.
10
Let w = -14 + 39. Calculate the greatest common divisor of w and 10.
5
Suppose 0 = -2*g - 4*u + 132, -2*u + 5*u + 6 = 0. Suppose -3*k = -4*k + g. What is the greatest common divisor of 28 and k?
14
Let s be (1 + -1)/((-5)/(-5)). Let a be (-3 - -92) + 2/2. Suppose s*y = 2*y - a. What is the highest common factor of 9 and y?
9
Suppose -3 = -m - 2*k + 12, -4*m - 5*k + 48 = 0. Let z = m + 28. Calculate the highest common factor of 14 and z.
7
Let z(o) = o**2 - 8*o - 40. Let s be z(-4). What is the highest common divisor of s and 4?
4
Suppose 4*c + 184 = 4*n, 121 + 45 = 4*n + 2*c. Suppose 46*b = n*b + 330. Let a = 48 - 4. What is the greatest common divisor of a and b?
22
Let s be ((-5)/2)/((-2)/8). Suppose -2*y + 15 = 167*k - 162*k, 2*y + 2*k = 30. What is the highest common factor of y and s?
10
Let k(w) = -w**3 + 5*w**2 + 3*w + 1. Let z be k(5). Let h = z - -5. Calculate the greatest common factor of 14 and h.
7
Let s be 1*-1*3/(-1). Suppose 3*o - 35 = -4*b + 121, -o + 112 = s*b. Suppose -24*r + 92 + 124 = 0. What is the highest common factor of r and b?
9
Let s = 3 + -1. Suppose 0 = -3*x + 3*z + 15, s*x + 2*z - 17 = -3*z. Suppose -7*m + 2*m + 120 = 0. What is the highest common divisor of x and m?
6
Let x = 48 + -28. Let u be 50/x*(2 + 0). Suppose 0 = -2*b + u*b - 24. Calculate the highest common divisor of 24 and b.
8
Suppose -8*p + 9*p - 9 = -3*f, -5*p + 34 = 4*f. Suppose -32 - 28 = -p*v. Suppose -3*b = -5*b + 60. What is the greatest common divisor of b and v?
10
Suppose 4*u + 3*s - 2 + 4 = 0, -u = 2*s - 2. Let t be